 0)*-1 - -119. Suppose v - 20 = -9*v. Suppose -56 = -o - q + 6, 3*q - g = -v*o. What are the prime factors of o?
67
Suppose i = -j - 2*j + 22, 3*j - 5*i - 52 = 0. Let t be 2/16*25 + j/(-72). Suppose 0 = -t*d - q + 190, 5*d - q + 158 = 472. What are the prime factors of d?
3, 7
Let p be 1443/65 + 2/(-10). Let j = p - 17. Suppose 0 = -j*g - 45 + 440. What are the prime factors of g?
79
Let x = 2442 - 2010. What are the prime factors of x?
2, 3
List the prime factors of -7 + 14 + 7 + 14702.
2, 13, 283
Suppose 1235*d - 1187*d = 765744. List the prime factors of d.
7, 43, 53
Let l be 90 + (1/1)/(18/(-36)). Let f be 25/10*l*1. Suppose -3*c + 173 = -f. List the prime factors of c.
131
Suppose 0*s - 2*s + 32 = 0. Suppose -s*l + 12070 = l. What are the prime factors of l?
2, 5, 71
What are the prime factors of ((-4)/(192/(-136)) - 3)/(4/(-351672))?
14653
List the prime factors of 344*((-3876)/(-266) - 1/14).
2, 29, 43
Let n = 74 + 1573. Let x = -963 + n. List the prime factors of x.
2, 3, 19
Let r = 38 - 29. Suppose -t + 2 = -b - r, -3*t = 2*b + 17. Let h(d) = -17*d - 15. What are the prime factors of h(b)?
5, 31
Let b = -42974 - -93574. List the prime factors of b.
2, 5, 11, 23
Suppose -69109 + 6796 = -4*f + 30835. What are the prime factors of f?
11, 29, 73
Let z = 28 + -26. Suppose 7*r = z*r + 4*l + 135, 3*r - 3*l - 81 = 0. List the prime factors of 1263/r - (-4)/18.
47
Suppose 3*o - 9941 = -2*c + 17899, -4*o = -3*c + 41692. What are the prime factors of c?
2, 3, 19, 61
What are the prime factors of 6/(-33) - 699680/(-440)?
2, 3, 5, 53
Let y be 590/4*(-10 + 12). Suppose -90 = c + 4*g, 3*c + y = -c - 3*g. List the prime factors of 5/c*-1690 - 2/(-7).
11
Let p = -111 - -120. Let y = 14 + p. List the prime factors of y.
23
Let l(s) = -12*s**3 + 4*s**2 - 4*s + 1. Let c be l(2). Suppose -3*m + 366 = -4*z, -m - 4*z = -0*m - 106. Let n = c + m. List the prime factors of n.
31
Let b = -6 + 18. Suppose -4*k = i - 16, 2*i - k = -5*k + b. What are the prime factors of (i/(-10))/((-4)/(-1560))?
2, 3, 13
Let j(l) = -l**3 - 3*l**2 - 126*l + 56. What are the prime factors of j(-16)?
2, 3, 5
Suppose 14*h - 7 = 15*h. Let u be ((-24)/10)/(h/(-35)). List the prime factors of (-2)/(-3) - 844/u.
71
Let m(s) = -2*s - 64. Let x be (-4 - (-40)/5) + -10. Let c(t) = -2*t - 63. Let g(o) = x*c(o) + 5*m(o). What are the prime factors of g(0)?
2, 29
Suppose -b + 0 = -4, 3*b - 2437 = -r. Suppose 0 = -10*a + 5975 + r. Suppose -4*f - 2 = 2, 4*s = 4*f + a. List the prime factors of s.
11, 19
Let a be ((4 + -4)/(-4))/1. Suppose -3*y + 202 + 86 = a. Suppose 0 = -k + y + 8. What are the prime factors of k?
2, 13
Suppose -109865 = 1656*c - 1663*c. What are the prime factors of c?
5, 43, 73
Suppose 5*f + 5*u - 5 = 0, 3*f + 3*u - 6 = u. Suppose f*r + 50 = 2*w, -w - 16 - 4 = r. Let a(p) = p**2 + 8*p - 17. What are the prime factors of a(r)?
2, 11
Suppose 3*p = -t + 111 - 59, 0 = -4*p - t + 70. List the prime factors of (p/(-10))/(6/(-1570)).
3, 157
Suppose -4*b = -7*b + 6. Suppose 3*i = 4*u + 269, 4*i - 17*u - 342 = -15*u. Suppose i = 3*p - b*f, -5*p + 3*f + 83 = -55. What are the prime factors of p?
3
Let t = 62577 + -41409. List the prime factors of t.
2, 3, 7
Suppose 2*u - 4*u = 0. Let v(b) = 17*b + 166. Let r(a) = 31*a + 329. Let l(m) = 6*r(m) - 11*v(m). List the prime factors of l(u).
2, 37
Let v(m) = -2*m**3 + 35*m**2 + 15*m + 36. Let t(h) = -2*h**2 - 27*h - 64. Let l be t(-9). List the prime factors of v(l).
2, 5, 29
List the prime factors of 4 + ((-110)/11 - -12) + 73038.
2, 3, 2029
Suppose 0 = -15*k + 6*k + 12006. Suppose -k - 3862 = -12*n. What are the prime factors of n?
433
Let h(b) = 2*b**3 - 126*b**2 + 40*b + 150. What are the prime factors of h(64)?
2, 3, 23, 79
Suppose 4*a + 84 = 2*b, -4*b + 0*b + 144 = 4*a. Let v be (52 - 1)/(19/b). Let n = v + -5. List the prime factors of n.
97
Suppose 8*j - 120 = -0. Suppose -j = 3*z, 5*z = -4*o + 3*z + 610. What are the prime factors of o?
5, 31
Let l(m) = 705*m + 104. Let y be l(3). Suppose -10*x + y = 779. List the prime factors of x.
2, 3
What are the prime factors of 4/(-10) + 243/270 + 897/2?
449
Let i(n) = 2*n - 18. Let d = 10 - -1. Let l be i(d). Suppose -3*k + 4*x = -241, 32 = l*k - 5*x - 289. What are the prime factors of k?
79
Suppose 5*y + y = 18. Let w be y/(26/(-16) + 2). List the prime factors of (20/w)/((-4)/(-168)).
3, 5, 7
Suppose -18130 = -13*n - 36*n. List the prime factors of n.
2, 5, 37
Let o = 11955 - 2002. List the prime factors of o.
37, 269
Suppose -90137 - 26287 = 5508*f - 5526*f. What are the prime factors of f?
2, 3, 7, 11
Suppose -24*g + 648 + 66852 = 6*g. List the prime factors of g.
2, 3, 5
Let k = -36 - -42. Let w be k/(-21) + (-1)/(21/(-5823)). Suppose 5*j = 3*m - w, -m - 148 = -3*m - 4*j. What are the prime factors of m?
2, 3, 7
Let f(t) be the second derivative of t**5/20 - t**4/12 + t**3/2 - 9*t**2/2 + 2*t. List the prime factors of f(7).
2, 3, 17
Suppose -5*f - 18 = -48. Let x be (-21)/f*(-648)/42. Suppose 2*i - x = 248. What are the prime factors of i?
151
Let q(k) = -7*k**3 + k**2 - 2*k + 2. Let o be q(2). Suppose -632 = 12*c - 20*c. Let b = o + c. What are the prime factors of b?
5
Suppose -2*w = -4*w. Suppose -5*a + 15 = -21*m + 16*m, m = -2*a + 12. Suppose w = -s + a*s - 280. What are the prime factors of s?
2, 5, 7
Let d(n) = 9*n**3 - 5*n**2 - 5*n - 5. Let l be d(8). Suppose -8*q = -l + 1443. List the prime factors of q.
2, 5, 7
Suppose -2*r - 3*p = -1140 - 141, -2551 = -4*r + 5*p. Suppose -75 + r = -3*n. List the prime factors of (-24)/36 + n/(-3).
2, 31
Let s = -84 - -685. Suppose -17*j = -14*j - y - 1811, j + y - s = 0. List the prime factors of j.
3, 67
Let v = 25 - -9. Let p = 55 - v. Let d(m) = m**2 - 15*m - 31. List the prime factors of d(p).
5, 19
Suppose 31574 = -7*m + 105683. List the prime factors of m.
3, 3529
Suppose -4*a = -0*a - 144. Let b = a - 36. List the prime factors of 0 - 156/(-4 + b).
3, 13
List the prime factors of 2404*(-2 + 81/18).
2, 5, 601
Suppose -58 = -4*w - 42. Suppose h + w*p - 349 = 33, p = -5*h + 1929. List the prime factors of h.
2, 193
Let p(t) = -t**2 + 10*t - 16. Let x be p(3). Suppose 4*r - 3*d = 6001, 4*d = -5*r + x*d + 7493. What are the prime factors of r?
2, 7, 107
Suppose -224580 = -16*i + 173461 - 54297. List the prime factors of i.
2, 41, 131
Suppose 11 + 24 = 5*b. Suppose 3*z + 440 = b*z. Suppose 4*j + j = z. What are the prime factors of j?
2, 11
Let y(q) = 39*q**2 + 11*q. What are the prime factors of y(11)?
2, 5, 11
Suppose -5*k = 3*a - 149818, 0 = -5*k + 619*a - 617*a + 149838. What are the prime factors of k?
2, 14983
Let t(c) = 9*c**2 - c - 1. Let g be t(-1). Let w = -4863 - -5307. Suppose -g*q = -13*q + w. List the prime factors of q.
3, 37
Let j be 525 - 7/(7/(-2)). Let z = -189 + j. List the prime factors of z.
2, 13
Let h = -9858 - -23248. What are the prime factors of h?
2, 5, 13, 103
What are the prime factors of 11/(-154) + (-452805)/(-42)?
10781
Let z be 3/((-1 + -4)/(-135)). Let d = 149 - z. What are the prime factors of d?
2, 17
Let g = -53713 + 90112. List the prime factors of g.
3, 11, 1103
Let n(p) be the third derivative of -5*p**4/6 - 11*p**3/2 - 2*p**2. Let o be (2 - 10/4) + (-58)/4 + 4. List the prime factors of n(o).
11, 17
Let m = 22029 + -4432. List the prime factors of m.
17597
Suppose -10780 = -4*k - 2*r, -27*k = -25*k - 4*r - 5410. List the prime factors of k.
3, 29, 31
Suppose 0 = 5*g + h - 64 + 48, -2*g = 2*h - 8. Suppose -6 = -g*m, 4*m + 1480 = d + 3*d. List the prime factors of d.
2, 3, 31
Let y(p) = 31*p - 2. Let m be y(-1). Let d(z) = z**2 + 12*z - 39. List the prime factors of d(m).
2, 3, 109
Suppose 27*c + 25 = 22*c. Let f = -2 + -32. Let o = c - f. What are the prime factors of o?
29
What are the prime factors of (1 - -585)/(32/2880)?
2, 3, 5, 293
Let k = -391 - -448. Suppose 22*h - k*h = -20265. What are the prime factors of h?
3, 193
Let f be (0/(-1) - 1) + 1. Let d(g) = -175*g - 2271. Let m be d(-13). Suppose -a - 1 = f, 4*y + m*a - 109 = 3*y. What are the prime factors of y?
113
Suppose 294 = 5*o - 101. Suppose -3*b + o = 577. Let g = b - -298. What are the prime factors of g?
2, 3, 11
Let t(x) = 136*x**2 - 68*x - 218. What are the prime factors of t(-21)?
2, 30593
Suppose 0 = -3*h - 2*b + 9, -h + 2*h